 Let h(o) = 2 - 3 + 16*o**3 + 2 - 22*o**y. Calculate h(w).
7
Let h = -128 - -199. Suppose -h = 40*p + 9. Let u(y) = -5*y**3 - y**2 + 2*y. What is u(p)?
32
Let k(g) = 7*g**3 - 3*g**2 + 16*g + 5. Let a(y) = -61*y**2 + 117*y**2 - 3 - 8*y - 54*y**2 - 4*y**3 + y**3. Let i(h) = -9*a(h) - 4*k(h). Give i(-7).
0
Suppose 4*s + 48 = 6*g - 2*g, -s = 3*g - 24. Suppose q = -q + g*q. Suppose q = -5*h - 18 - 7. Let y(j) = 2*j + 7. Calculate y(h).
-3
Let i(v) be the third derivative of -v**6/120 + 3*v**5/20 + 2*v**3 - 2*v**2. Let b(m) = 2*m**3 - 36*m**2 - 38*m + 9. Let f be b(19). Determine i(f).
12
Let b(o) = -1476*o - 37. Let i be b(-1). Let j(c) = -1442 - i + 2903 + c. Determine j(-9).
13
Let i(g) = -g**2 - 7471 - 4*g**2 + 15*g + 4*g**2 + 7461. What is i(12)?
26
Let b(i) = -i**2 + 11*i - 15. Let g(r) = -2*r**3 + 7*r**2 + 8*r - 7. Let z be g(4). Suppose -v = -5*c - 10, 4*v - z*c = -8*c + 40. What is b(v)?
-5
Let o = 1727 + -1727. Let k(c) = c**3 - 2*c**2 + c + 22. Determine k(o).
22
Let j(t) be the first derivative of 0*t - 32 - 17/2*t**2. Calculate j(-1).
17
Let g(b) = -166*b - 5005. Let a be g(-30). Let o(r) = r**3 + 24*r**2 - 25*r + 6. What is o(a)?
6
Let t(f) = -3*f**2 + 2*f - 2. Let m(i) = -3*i**3 + 9*i**2 - 7*i + 4. Let v be m(2). Suppose 3*d - 24 = -d. Suppose 0 = -2*r - v + d. What is t(r)?
-10
Let c be ((-2 - -1) + -1)/(4/(-100)). Let n be (-2)/((-4)/c - 1 - -1). Let l be 5*(-4 + 120/n). Let u(o) = o**3 - 4*o**2 - 2*o + 2. Give u(l).
-6
Let f(r) = 2*r**3 - 2*r**2 - 14*r + 2. Let a = 10022 - 10018. Calculate f(a).
42
Let c(g) = 2*g**3 - 5*g**2 - 14*g + 73. Let x(a) = a**3 - 5*a**2 - 13*a + 62. Let w(q) = 6*c(q) - 7*x(q). Determine w(-2).
-30
Let a be (4/(-6))/(4/30). Let k(m) = 21*m + 51. Let g(w) = -5*w - 12. Let r(i) = -9*g(i) - 2*k(i). Determine r(a).
-9
Suppose 5 = -4*j + 13. Let a be 4 - (-5 - ((-3)/3 - j)). Let v be (-8)/(-6) + 4/a. Let l(w) = w - 2. Give l(v).
0
Let c(j) = -6*j + 4*j + 7 - j**3 + j**2 + 5*j**2. Let d(h) = h**3 - 7*h**2 + 7*h - 7. Let b be d(6). Let u be 0/(-7 - -3) + b + 7. Give c(u).
-5
Let t(x) = 51*x + 123. Let v be (-43240)/22090 - 4/94. Give t(v).
21
Let a(z) = -2*z**3 + 14*z**2 - 4*z + 22. Let f = 10683 + -10676. Calculate a(f).
-6
Let n = -4047 + 4044. Let r(m) = m**3 + 2*m**2 + 4*m + 3. What is r(n)?
-18
Let v(s) = s**2 - 9*s - 15. Let h be v(10). Let o be (h + 11)*(-2)/(-4). Let j(m) = -o*m - 6*m + 12*m - 6. What is j(7)?
15
Suppose k - 3*k - 5 = -3*j, -4*k = -3*j + 1. Let i(s) = -111*s**2 - 3 + j - s + 107*s**2. Let u(v) = 7*v - 16. Let r be u(2). Give i(r).
-14
Let b = -28664 - -28666. Let z(r) be the third derivative of -1/6*r**4 + 0 + 38*r**b + 0*r - 4/3*r**3. Determine z(-7).
20
Let o(r) = r**2 + 6*r + 1. Let z = -117 - -113. Determine o(z).
-7
Let g(p) be the second derivative of -p**4/12 - 3*p**2/2 + p. Let s = 86 + 139. Let l = -225 + s. Determine g(l).
-3
Let v(y) = 2*y**3 - 3*y**2 + 1. Let m = -69 - -72. Let i be ((-10)/3)/((-2)/m). Suppose 0 = -11*x - i*x + 32. Determine v(x).
5
Let l(v) = -3*v**3 + 26*v**2 - 19*v + 70. Let s(h) = h**3 - 8*h**2 + 6*h - 23. Let n(m) = -4*l(m) - 13*s(m). What is n(0)?
19
Let f(k) = k + 56. Let s be f(-59). Let a(r) = -2*r**2 + 7*r + 10. What is a(s)?
-29
Suppose -3*u + 5*r + 13 = 0, 3 = -4*u + 2*r + 25. Let k(n) be the second derivative of 3*n**2 - 2*n + 1/3*n**3 + 0. Give k(u).
18
Let i(h) be the second derivative of -h**4/12 + 5*h**3/3 + 10*h**2 - 36*h. Let z(t) = 4*t**2 - 38*t - 79. Let b(y) = -9*i(y) - 2*z(y). Determine b(15).
-7
Let o(v) = 52*v - 27*v - 13 - 24*v - 20. Let m(u) = 2*u - 69. Let y(r) = -6*m(r) + 13*o(r). What is y(-13)?
-28
Let t(w) be the second derivative of 2/3*w**4 - 11*w + 0 + 1/6*w**3 + 9/2*w**2. Let x(v) = 7*v**2 + 2*v + 9. Let q(z) = -6*t(z) + 7*x(z). What is q(-7)?
2
Let p(c) = 4*c**2 + 7*c + 24. Let r be 0/9 - (3 - -1). Let v(s) = 3*s**2 + 8*s + 22. Let m(w) = r*p(w) + 5*v(w). What is m(10)?
34
Suppose 5*s + 12 = 9*s. Suppose 0 = l - s*l + 4. Suppose z - 2*z = -l. Let b(i) = -2*i**3 + 3*i**2. Determine b(z).
-4
Suppose 94 = 12*n + 34. Suppose 13 = -n*u + 128. Let v(f) = 20*f**2 + 5*f + f**3 - 29 - 25*f**2 + u. Determine v(4).
-2
Let u(y) = -11*y - 3 + 7*y**2 + 0*y**2 - 4*y**2 - y. Let i(n) = -7*n**2 + 25*n + 6. Let c(v) = -4*i(v) - 9*u(v). Let h = 113 + -120. Determine c(h).
-4
Suppose 28*j - 1131 = 73. Let x(m) be the second derivative of 1/6*m**3 + 11/2*m**2 - j*m + 0. Calculate x(-8).
3
Suppose -30 = -32*r + 17*r. Let l(w) = w - 148*w**2 - 2*w + 8*w + 76*w**r + 71*w**2. Suppose 0 = 2*t + 1 - 11. Determine l(t).
10
Let w(j) = j**3 + 6*j**2 - j - 6. Suppose -2*a - 4*l - 329 = -455, -192 = -3*a - 5*l. Let i(n) = -19*n - 1. Let x be i(-4). Let p = a - x. Determine w(p).
0
Let x(i) = 33 + 44 - 83 - 5*i. Let r = -501 - -496. Calculate x(r).
19
Suppose -130 + 11 = -41*i + 42*i - 18*i. Let b(h) be the second derivative of -h**5/20 + 5*h**4/12 + 11*h**3/6 - 2*h**2 + h. Calculate b(i).
-25
Suppose 0 = -3*x - t + 23, -27*t + 30*t - 21 = -x. Let l(u) = -u**3 + 18*u**2 - 73*u + 9. Give l(x).
3
Let v(b) = b**2 + 3*b + 11. Let f(x) be the first derivative of x**3 + 5*x**2 + 32*x + 28. Let c(g) = -4*f(g) + 11*v(g). What is c(-5)?
3
Let w(i) = i**2 + 5*i - 2. Let r = -84 - -90. Suppose -9*c + r*c - 42 = 0. Let v = c + 9. What is w(v)?
-2
Let c(g) be the second derivative of g**4/6 + 31*g**3/6 + 35*g**2 - g - 2104. What is c(-13)?
5
Let f(q) be the second derivative of 3/2*q**2 - 1/6*q**3 + 2 + 19*q. Calculate f(-3).
6
Let m be -10 + (-23)/115*-15. Let y(b) = b**3 + 8*b**2 + 2*b - 32. Determine y(m).
3
Let n(h) = h**2 - h. Let g = 879 - 1358. Let x = g - -484. Calculate n(x).
20
Let k(s) = 31*s + 30. Let x be (-4)/(-6)*303/(-202). Calculate k(x).
-1
Let o(j) = -21*j - 13*j + 83796 - 83854 - 17*j**2 - j**3. Let f be o(-15). Let l(u) = u**2. Let n(x) = -x**2 + 3*x - 1. Let w(g) = 2*l(g) - n(g). Give w(f).
7
Let t(a) = -25 + 29*a - a**3 + 3 - 6*a**2 + 13 + 5 + 9. Determine t(-9).
-13
Let l(b) be the third derivative of -b**6/120 + b**5/60 + b**4/24 - 3430*b**2. Determine l(0).
0
Let t(d) = -d**2 - 16*d - 14. Suppose -1650 = 56*p - 810. Calculate t(p).
1
Let n(z) = -9*z - 252. Let o(u) = 3*u + 84. Let g(x) = 2*n(x) + 7*o(x). Let f be g(-27). Let c(p) = p**2 - 3*p - 2. Give c(f).
-2
Let w(m) = m**3 + 2*m**2 - 8*m - 11. Let j be (0 - (-161)/(-35)) + (-9)/(-15). Let o be w(j). Let b(t) = -t - 9. Determine b(o).
2
Let f(j) = 4*j + 7. Let v(b) = 2 - 59*b + 113*b - 57*b + b**2. Let m(k) = f(k) - v(k). Calculate m(7).
5
Let r(x) = 20*x - 290. Let s be r(14). Let l(q) = -q**3 - 13*q**2 - 32*q - 19. Calculate l(s).
1
Let p(z) be the third derivative of 3*z**4/8 + z**3/2 + z**2 - 393. Give p(-1).
-6
Suppose 11*y = -2*g + 61, -19 = -5*y + 98*g - 100*g. Let p(x) be the first derivative of 3*x**2/2 - 2*x + 1. Determine p(y).
19
Suppose 4*s - 4 - 4 = 0. Suppose -3*b - 99 = -4*n, 3 - s = -b. Suppose 4 = 14*o - n. Let x(z) = -z**3 + 2*z**2 - 4*z + 2. Give x(o).
-6
Suppose -4*q + 66 = j, 73 - 328 = -5*j + 5*q. Suppose 60*w = j*w - 6. Let h(d) = -6*d**2 + 2*d + 1. Give h(w).
-7
Let g = -24 + 27. Let s(w) = -5*w - 2*w**2 + 5*w**g + 7*w**3 + 3 - 13*w**3 + 2*w**3. What is s(3)?
-3
Let p(f) = 43*f - 74. Let v(r) = 24*r - 40. Let x(b) = -5*p(b) + 9*v(b). Let c be (1/(-3))/(1/(-21)). What is x(c)?
17
Let z(w) = -4*w**2 + 45*w - 20. Let o(c) = -3*c**2 + 37*c - 17. Let n(p) = 5*o(p) - 4*z(p). Let q(u) = -2*u + 2. Let r be q(3). What is n(r)?
-9
Let x(v) = v**3 + 9*v**2 + v + 11. Let g = -147 - -157. Suppose 2*l + 43 = 5*u, 3*l - u = g - 42. What is x(l)?
2
Let k(a) = -3*a**3 + 9*a**2 - 2*a - 4. Let z(t) = 4*t**3 - 10*t**2 + 4*t + 6. Let u(o) = 5*k(o) + 4*z(o). Determine u(-5).
-26
Let k(c) = -11*c**2 - 3*c + 3. Suppose 19*o + 17 - 36 = 0. What is k(o)?
-11
Let v(t) be the first derivative of t + 1/3*t**3 - 3/2*t**4 - t**2 - 11. What is v(1)?
-6
Let f(b) = b**2 + 6*b - 37. Let l(o) = -o**2 + 1259*o - 6266. Let u be l(5). Calculate f(u).
3
Let d = 15 - 8. Let s(o) = -19*o - 16 - 12 - 18 - 15*o + 43 + 36*o. What is s(d)?
11
Let u be (-2*2/(-8))/((-101)/(-404)). Let y(b) = 5 - 19*b - b**3 + 3 + u*b**2 + 21*b - 2. Calculate y(3).
3
Suppose -634*v + 4 = -638*v. Let w(f) = -16*f**3 + 7*f**2 + 5*f + 5. Let s(m) = 14*m**3 - 6*m**2 - 4*m - 4. Let t(a) = -6*s(a) - 5*w(a). Determine t(v).
5
Let i(